{"id":852,"date":"2014-07-02T14:31:56","date_gmt":"2014-07-02T14:31:56","guid":{"rendered":"http:\/\/ddeco.es\/?page_id=852"},"modified":"2014-07-02T14:53:59","modified_gmt":"2014-07-02T14:53:59","slug":"especialistas-en-decoracion-interiorismo","status":"publish","type":"page","link":"https:\/\/ddeco.es\/web\/trabajos-realizados-ddeco-diseno-decoracion-interiorismo-construccion\/especialistas-en-decoracion-interiorismo\/","title":{"rendered":"Nuestras especialidades"},"content":{"rendered":"<div class=\"span4 first\"><a href=\"http:\/\/ddeco.es\/trabajos-realizados-ddeco-diseno-decoracion-interiorismo-construccion\/interiorismo-residencial\/\"><img loading=\"lazy\" decoding=\"async\" src=\"http:\/\/ddeco.es\/wp-content\/uploads\/2014\/04\/interiorismo-residencial.jpg\" alt=\"Interiorismo residencial\" width=\"800\" height=\"533\" class=\"alignnone size-full wp-image-591\" srcset=\"https:\/\/ddeco.es\/web\/wp-content\/uploads\/2014\/04\/interiorismo-residencial.jpg 800w, https:\/\/ddeco.es\/web\/wp-content\/uploads\/2014\/04\/interiorismo-residencial-300x199.jpg 300w\" sizes=\"auto, (max-width: 800px) 100vw, 800px\" \/><\/a><\/p>\n<h3 class=\"uc\"><a href=\"http:\/\/ddeco.es\/trabajos-realizados-ddeco-diseno-decoracion-interiorismo-construccion\/interiorismo-residencial\/\">Interiorismo Residencial<\/a><\/h3>\n<p>Viviendas, apartamentos, estudios, chalets\u2026 Nuestro sello personal se basa en estudiar a fondo cada proyecto para lograr la m\u00e1xima funcionalidad, y a\u00f1adirle un sugerente toque decorativo de autor, con el fin de crear espacios amables y habitables, funcionales y acogedores.<\/p>\n<\/div>\n<div class=\"span4\"><a href=\"http:\/\/ddeco.es\/trabajos-realizados-ddeco-diseno-decoracion-interiorismo-construccion\/restaurantes-y-hoteles\/\"><img loading=\"lazy\" decoding=\"async\" src=\"http:\/\/ddeco.es\/wp-content\/uploads\/2014\/04\/restaurantes.jpg\" alt=\"Restaurantes y hosteler\u00eda\" width=\"800\" height=\"533\" class=\"alignnone size-full wp-image-593\" srcset=\"https:\/\/ddeco.es\/web\/wp-content\/uploads\/2014\/04\/restaurantes.jpg 800w, https:\/\/ddeco.es\/web\/wp-content\/uploads\/2014\/04\/restaurantes-300x199.jpg 300w\" sizes=\"auto, (max-width: 800px) 100vw, 800px\" \/><\/a><\/p>\n<h3 class=\"uc\"><a href=\"http:\/\/ddeco.es\/trabajos-realizados-ddeco-diseno-decoracion-interiorismo-construccion\/restaurantes-y-hoteles\/\">Restaurantes, hoteles, instalaciones culturales<\/a><\/h3>\n<p>\nRestaurantes, cafeter\u00edas, bares, vinotecas, proyectos e instalaciones hoteleras, tanto de \u00e1mbito urbano y contempor\u00e1neo como rural y tradicional. Muchas de nuestras obras en estos sectores son aut\u00e9nticos iconos y referencias en Asturias. Adem\u00e1s, nuestro equipo multidisciplinar nos permite acometer la ejecuci\u00f3n de centros de interpretaci\u00f3n, aulas did\u00e1cticas, museos y todo tipo de instalaciones culturales.<\/p>\n<\/div>\n<div class=\"span4 last\"><a href=\"http:\/\/ddeco.es\/trabajos-realizados-ddeco-diseno-decoracion-interiorismo-construccion\/oficinas-y-locales-comerciales\/\"><img loading=\"lazy\" decoding=\"async\" src=\"http:\/\/ddeco.es\/wp-content\/uploads\/2014\/04\/locales-comerciales.jpg\" alt=\"Locales comerciales y oficinas\" width=\"800\" height=\"533\" class=\"alignnone size-full wp-image-592\" srcset=\"https:\/\/ddeco.es\/web\/wp-content\/uploads\/2014\/04\/locales-comerciales.jpg 800w, https:\/\/ddeco.es\/web\/wp-content\/uploads\/2014\/04\/locales-comerciales-300x199.jpg 300w\" sizes=\"auto, (max-width: 800px) 100vw, 800px\" \/><\/a><\/p>\n<h3 class=\"uc\"><a href=\"http:\/\/ddeco.es\/trabajos-realizados-ddeco-diseno-decoracion-interiorismo-construccion\/oficinas-y-locales-comerciales\/\">Locales comerciales y oficinas<\/a><\/h3>\n<p>\nTiendas, boutiques, centros de est\u00e9tica, alimentaci\u00f3n, deportes y todo tipo de locales comerciales. Somos, asimismo, expertos en el dise\u00f1o, interiorismo y habitabilidad de todo tipo de oficinas. Adem\u00e1s, ofrecemos la posibilidad de realizar un re-styling de negocios, acondicion\u00e1ndolos para otras actividades, sin realizar grandes modificaciones.<\/p>\n<\/div>\n<style type=\"text\/css\">\n.logo_h img { border-bottom:5px solid #40a21b !important}\n<\/style>\n","protected":false},"excerpt":{"rendered":"Interiorismo Residencial Viviendas, apartamentos, estudios, chalets\u2026 Nuestro sello personal se basa en estudiar a fondo cada proyecto para lograr la m\u00e1xima funcionalidad, y a\u00f1adirle un sugerente toque decorativo de autor, con el fin de crear espacios amables y habitables, funcionales y acogedores. Restaurantes, hoteles, instalaciones culturales Restaurantes, cafeter\u00edas, bares, vinotecas, proyectos e instalaciones hoteleras, tanto de \u00e1mbito urbano y contempor\u00e1neo&nbsp;<a href=\"https:\/\/ddeco.es\/web\/trabajos-realizados-ddeco-diseno-decoracion-interiorismo-construccion\/especialistas-en-decoracion-interiorismo\/\" class=\"read-more\">Seguir leyendo<\/a>","protected":false},"author":2,"featured_media":0,"parent":24,"menu_order":0,"comment_status":"open","ping_status":"open","template":"page-fullwidth.php","meta":{"footnotes":""},"class_list":["post-852","page","type-page","status-publish","hentry"],"yoast_head":"<!-- This site is optimized with the Yoast SEO plugin v16.6.1 - https:\/\/yoast.com\/wordpress\/plugins\/seo\/ -->\n<meta name=\"description\" content=\"En ddec\u00f3 somos especialistas en dise\u00f1o, decoraci\u00f3n, interiorismo y construcci\u00f3n. Os mostramos algunos de los trabajos realizados m\u00e1s destacados\" \/>\n<meta name=\"robots\" content=\"index, follow, max-snippet:-1, max-image-preview:large, max-video-preview:-1\" \/>\n<link rel=\"canonical\" href=\"https:\/\/ddeco.es\/web\/trabajos-realizados-ddeco-diseno-decoracion-interiorismo-construccion\/especialistas-en-decoracion-interiorismo\/\" \/>\n<meta property=\"og:locale\" content=\"es_ES\" \/>\n<meta property=\"og:type\" content=\"article\" \/>\n<meta property=\"og:title\" content=\"especialistas en decoraci\u00f3n e interiorismo \u00b7 ddec\u00f3\" \/>\n<meta property=\"og:description\" content=\"En ddec\u00f3 somos especialistas en dise\u00f1o, decoraci\u00f3n, interiorismo y construcci\u00f3n. Os mostramos algunos de los trabajos realizados m\u00e1s destacados\" \/>\n<meta property=\"og:url\" content=\"https:\/\/ddeco.es\/web\/trabajos-realizados-ddeco-diseno-decoracion-interiorismo-construccion\/especialistas-en-decoracion-interiorismo\/\" \/>\n<meta property=\"og:site_name\" content=\"D&iacute;az Dec&oacute; (Ddec&oacute;) &middot; Dise&ntilde;o, Decoraci&oacute;n, Interiorismo y Construcci&oacute;n\" \/>\n<meta property=\"article:modified_time\" content=\"2014-07-02T14:53:59+00:00\" \/>\n<meta property=\"og:image\" content=\"http:\/\/ddeco.es\/wp-content\/uploads\/2014\/04\/interiorismo-residencial.jpg\" \/>\n<meta name=\"twitter:card\" content=\"summary_large_image\" \/>\n<meta name=\"twitter:label1\" content=\"Tiempo de lectura\" \/>\n\t<meta name=\"twitter:data1\" content=\"1 minuto\" \/>\n<script type=\"application\/ld+json\" class=\"yoast-schema-graph\">{\"@context\":\"https:\/\/schema.org\",\"@graph\":[{\"@type\":\"WebSite\",\"@id\":\"http:\/\/ddeco.es\/web\/#website\",\"url\":\"http:\/\/ddeco.es\/web\/\",\"name\":\"D&iacute;az Dec&oacute; (Ddec&oacute;) &middot; Dise&ntilde;o, Decoraci&oacute;n, Interiorismo y Construcci&oacute;n\",\"description\":\"Dise\\u00f1o, decoraci\\u00f3n y construcci\\u00f3n\",\"potentialAction\":[{\"@type\":\"SearchAction\",\"target\":{\"@type\":\"EntryPoint\",\"urlTemplate\":\"http:\/\/ddeco.es\/web\/?s={search_term_string}\"},\"query-input\":\"required name=search_term_string\"}],\"inLanguage\":\"es\"},{\"@type\":\"ImageObject\",\"@id\":\"https:\/\/ddeco.es\/web\/trabajos-realizados-ddeco-diseno-decoracion-interiorismo-construccion\/especialistas-en-decoracion-interiorismo\/#primaryimage\",\"inLanguage\":\"es\",\"url\":\"http:\/\/ddeco.es\/wp-content\/uploads\/2014\/04\/interiorismo-residencial.jpg\",\"contentUrl\":\"http:\/\/ddeco.es\/wp-content\/uploads\/2014\/04\/interiorismo-residencial.jpg\"},{\"@type\":\"WebPage\",\"@id\":\"https:\/\/ddeco.es\/web\/trabajos-realizados-ddeco-diseno-decoracion-interiorismo-construccion\/especialistas-en-decoracion-interiorismo\/#webpage\",\"url\":\"https:\/\/ddeco.es\/web\/trabajos-realizados-ddeco-diseno-decoracion-interiorismo-construccion\/especialistas-en-decoracion-interiorismo\/\",\"name\":\"especialistas en decoraci\\u00f3n e interiorismo \\u00b7 ddec\\u00f3\",\"isPartOf\":{\"@id\":\"http:\/\/ddeco.es\/web\/#website\"},\"primaryImageOfPage\":{\"@id\":\"https:\/\/ddeco.es\/web\/trabajos-realizados-ddeco-diseno-decoracion-interiorismo-construccion\/especialistas-en-decoracion-interiorismo\/#primaryimage\"},\"datePublished\":\"2014-07-02T14:31:56+00:00\",\"dateModified\":\"2014-07-02T14:53:59+00:00\",\"description\":\"En ddec\\u00f3 somos especialistas en dise\\u00f1o, decoraci\\u00f3n, interiorismo y construcci\\u00f3n. Os mostramos algunos de los trabajos realizados m\\u00e1s destacados\",\"breadcrumb\":{\"@id\":\"https:\/\/ddeco.es\/web\/trabajos-realizados-ddeco-diseno-decoracion-interiorismo-construccion\/especialistas-en-decoracion-interiorismo\/#breadcrumb\"},\"inLanguage\":\"es\",\"potentialAction\":[{\"@type\":\"ReadAction\",\"target\":[\"https:\/\/ddeco.es\/web\/trabajos-realizados-ddeco-diseno-decoracion-interiorismo-construccion\/especialistas-en-decoracion-interiorismo\/\"]}]},{\"@type\":\"BreadcrumbList\",\"@id\":\"https:\/\/ddeco.es\/web\/trabajos-realizados-ddeco-diseno-decoracion-interiorismo-construccion\/especialistas-en-decoracion-interiorismo\/#breadcrumb\",\"itemListElement\":[{\"@type\":\"ListItem\",\"position\":1,\"name\":\"Portada\",\"item\":\"http:\/\/ddeco.es\/web\/\"},{\"@type\":\"ListItem\",\"position\":2,\"name\":\"trabajos realizados\",\"item\":\"http:\/\/ddeco.es\/web\/trabajos-realizados-ddeco-diseno-decoracion-interiorismo-construccion\/\"},{\"@type\":\"ListItem\",\"position\":3,\"name\":\"Nuestras especialidades\"}]}]}<\/script>\n<!-- \/ Yoast SEO plugin. -->","_links":{"self":[{"href":"https:\/\/ddeco.es\/web\/wp-json\/wp\/v2\/pages\/852","targetHints":{"allow":["GET"]}}],"collection":[{"href":"https:\/\/ddeco.es\/web\/wp-json\/wp\/v2\/pages"}],"about":[{"href":"https:\/\/ddeco.es\/web\/wp-json\/wp\/v2\/types\/page"}],"author":[{"embeddable":true,"href":"https:\/\/ddeco.es\/web\/wp-json\/wp\/v2\/users\/2"}],"replies":[{"embeddable":true,"href":"https:\/\/ddeco.es\/web\/wp-json\/wp\/v2\/comments?post=852"}],"version-history":[{"count":2,"href":"https:\/\/ddeco.es\/web\/wp-json\/wp\/v2\/pages\/852\/revisions"}],"predecessor-version":[{"id":859,"href":"https:\/\/ddeco.es\/web\/wp-json\/wp\/v2\/pages\/852\/revisions\/859"}],"up":[{"embeddable":true,"href":"https:\/\/ddeco.es\/web\/wp-json\/wp\/v2\/pages\/24"}],"wp:attachment":[{"href":"https:\/\/ddeco.es\/web\/wp-json\/wp\/v2\/media?parent=852"}],"curies":[{"name":"wp","href":"https:\/\/api.w.org\/{rel}","templated":true}]}}