{"id":11,"date":"2014-04-30T09:05:14","date_gmt":"2014-04-30T09:05:14","guid":{"rendered":"http:\/\/ddeco.es\/?page_id=11"},"modified":"2014-07-01T07:30:43","modified_gmt":"2014-07-01T07:30:43","slug":"inicio","status":"publish","type":"page","link":"https:\/\/ddeco.es\/web\/","title":{"rendered":"Inicio"},"content":{"rendered":"<p><img loading=\"lazy\" decoding=\"async\" src=\"http:\/\/ddeco.es\/wp-content\/uploads\/2014\/04\/ddeco-oficina.jpg\" alt=\"Oficina Ddec\u00f3\" width=\"1200\" height=\"642\" class=\"alignnone size-full wp-image-588\" srcset=\"https:\/\/ddeco.es\/web\/wp-content\/uploads\/2014\/04\/ddeco-oficina.jpg 1200w, https:\/\/ddeco.es\/web\/wp-content\/uploads\/2014\/04\/ddeco-oficina-300x160.jpg 300w, https:\/\/ddeco.es\/web\/wp-content\/uploads\/2014\/04\/ddeco-oficina-1024x547.jpg 1024w\" sizes=\"auto, (max-width: 1200px) 100vw, 1200px\" \/><\/p>\n<h3>DDEC\u00d3. Nueva etapa.<\/h3>\n<p>Es precisamente en los momentos dif\u00edciles, cuando las empresas que tienen confianza en s\u00ed mismas han de dar un paso al frente y posicionarse con m\u00e1s vigor en el mercado.<\/p>\n<p>Una de las consecuencias de esta delicada coyuntura es que limpia el mercado de toda la competencia de dudosa profesionalidad: si no eres muy bueno, no sobrevives. Y, adem\u00e1s, la crisis ha ajustado mucho los precios. Es decir, el cliente actualmente se encuentra ante un panorama de <strong>precios m\u00e1s competitivos<\/strong> y de <strong>m\u00e1xima profesionalidad<\/strong>. No se puede pedir m\u00e1s.<\/p>\n<p>Por todo ello, en DDEC\u00d3 hemos apostado por relanzar nuestro proyecto, manteniendo la filosof\u00eda y credibilidad de nuestra firma, pero enriquecida con m\u00e1s servicios y mayor especializaci\u00f3n en cada una de nuestras \u00e1reas, as\u00ed como en una actualizaci\u00f3n y modernizaci\u00f3n de toda nuestra estructura interna, de nuestra  web y de todo tipo de acciones de comunicaci\u00f3n con nuestros clientes.<\/p>\n","protected":false},"excerpt":{"rendered":"DDEC\u00d3. Nueva etapa. Es precisamente en los momentos dif\u00edciles, cuando las empresas que tienen confianza en s\u00ed mismas han de dar un paso al frente y posicionarse con m\u00e1s vigor en el mercado. Una de las consecuencias de esta delicada coyuntura es que limpia el mercado de toda la competencia de dudosa profesionalidad: si no eres muy bueno, no sobrevives.&nbsp;<a href=\"https:\/\/ddeco.es\/web\/\" class=\"read-more\">Seguir leyendo<\/a>","protected":false},"author":2,"featured_media":588,"parent":0,"menu_order":0,"comment_status":"open","ping_status":"open","template":"page-home.php","meta":{"footnotes":""},"class_list":["post-11","page","type-page","status-publish","has-post-thumbnail","hentry"],"yoast_head":"<!-- This site is optimized with the Yoast SEO plugin v16.6.1 - https:\/\/yoast.com\/wordpress\/plugins\/seo\/ -->\n<meta name=\"description\" content=\"D\u00edaz Dec\u00f3 (Ddec\u00f3) es un estudio situado en La Florida, Oviedo, Asturias, dedicado al Dise\u00f1o, Decoraci\u00f3n, Interiorismo y Construcci\u00f3n\" \/>\n<meta name=\"robots\" content=\"index, follow, max-snippet:-1, max-image-preview:large, max-video-preview:-1\" \/>\n<link rel=\"canonical\" href=\"http:\/\/ddeco.es\/web\/\" \/>\n<meta property=\"og:locale\" content=\"es_ES\" \/>\n<meta property=\"og:type\" content=\"article\" \/>\n<meta property=\"og:title\" content=\"D\u00edaz Dec\u00f3 (Ddec\u00f3) \u00b7 Dise\u00f1o, Decoraci\u00f3n, Interiorismo y Construcci\u00f3n\" \/>\n<meta property=\"og:description\" content=\"D\u00edaz Dec\u00f3 (Ddec\u00f3) es un estudio situado en La Florida, Oviedo, Asturias, dedicado al Dise\u00f1o, Decoraci\u00f3n, Interiorismo y Construcci\u00f3n\" \/>\n<meta property=\"og:url\" content=\"http:\/\/ddeco.es\/web\/\" \/>\n<meta property=\"og:site_name\" content=\"D&iacute;az Dec&oacute; (Ddec&oacute;) &middot; Dise&ntilde;o, Decoraci&oacute;n, Interiorismo y Construcci&oacute;n\" \/>\n<meta property=\"article:modified_time\" content=\"2014-07-01T07:30:43+00:00\" \/>\n<meta property=\"og:image\" content=\"http:\/\/ddeco.es\/web\/wp-content\/uploads\/2014\/04\/ddeco-oficina.jpg\" \/>\n\t<meta property=\"og:image:width\" content=\"1200\" \/>\n\t<meta property=\"og:image:height\" content=\"642\" \/>\n<meta name=\"twitter:card\" content=\"summary_large_image\" \/>\n<meta name=\"twitter:label1\" content=\"Tiempo de lectura\" \/>\n\t<meta name=\"twitter:data1\" content=\"1 minuto\" \/>\n<script type=\"application\/ld+json\" class=\"yoast-schema-graph\">{\"@context\":\"https:\/\/schema.org\",\"@graph\":[{\"@type\":\"WebSite\",\"@id\":\"http:\/\/ddeco.es\/web\/#website\",\"url\":\"http:\/\/ddeco.es\/web\/\",\"name\":\"D&iacute;az Dec&oacute; (Ddec&oacute;) &middot; Dise&ntilde;o, Decoraci&oacute;n, Interiorismo y Construcci&oacute;n\",\"description\":\"Dise\\u00f1o, decoraci\\u00f3n y construcci\\u00f3n\",\"potentialAction\":[{\"@type\":\"SearchAction\",\"target\":{\"@type\":\"EntryPoint\",\"urlTemplate\":\"http:\/\/ddeco.es\/web\/?s={search_term_string}\"},\"query-input\":\"required name=search_term_string\"}],\"inLanguage\":\"es\"},{\"@type\":\"ImageObject\",\"@id\":\"http:\/\/ddeco.es\/web\/#primaryimage\",\"inLanguage\":\"es\",\"url\":\"https:\/\/ddeco.es\/web\/wp-content\/uploads\/2014\/04\/ddeco-oficina.jpg\",\"contentUrl\":\"https:\/\/ddeco.es\/web\/wp-content\/uploads\/2014\/04\/ddeco-oficina.jpg\",\"width\":1200,\"height\":642,\"caption\":\"Oficina Ddec\\u00f3\"},{\"@type\":\"WebPage\",\"@id\":\"http:\/\/ddeco.es\/web\/#webpage\",\"url\":\"http:\/\/ddeco.es\/web\/\",\"name\":\"D\\u00edaz Dec\\u00f3 (Ddec\\u00f3) \\u00b7 Dise\\u00f1o, Decoraci\\u00f3n, Interiorismo y Construcci\\u00f3n\",\"isPartOf\":{\"@id\":\"http:\/\/ddeco.es\/web\/#website\"},\"primaryImageOfPage\":{\"@id\":\"http:\/\/ddeco.es\/web\/#primaryimage\"},\"datePublished\":\"2014-04-30T09:05:14+00:00\",\"dateModified\":\"2014-07-01T07:30:43+00:00\",\"description\":\"D\\u00edaz Dec\\u00f3 (Ddec\\u00f3) es un estudio situado en La Florida, Oviedo, Asturias, dedicado al Dise\\u00f1o, Decoraci\\u00f3n, Interiorismo y Construcci\\u00f3n\",\"breadcrumb\":{\"@id\":\"http:\/\/ddeco.es\/web\/#breadcrumb\"},\"inLanguage\":\"es\",\"potentialAction\":[{\"@type\":\"ReadAction\",\"target\":[\"http:\/\/ddeco.es\/web\/\"]}]},{\"@type\":\"BreadcrumbList\",\"@id\":\"http:\/\/ddeco.es\/web\/#breadcrumb\",\"itemListElement\":[{\"@type\":\"ListItem\",\"position\":1,\"name\":\"Portada\",\"item\":\"http:\/\/ddeco.es\/web\/\"},{\"@type\":\"ListItem\",\"position\":2,\"name\":\"Inicio\"}]}]}<\/script>\n<!-- \/ Yoast SEO plugin. -->","_links":{"self":[{"href":"https:\/\/ddeco.es\/web\/wp-json\/wp\/v2\/pages\/11","targetHints":{"allow":["GET"]}}],"collection":[{"href":"https:\/\/ddeco.es\/web\/wp-json\/wp\/v2\/pages"}],"about":[{"href":"https:\/\/ddeco.es\/web\/wp-json\/wp\/v2\/types\/page"}],"author":[{"embeddable":true,"href":"https:\/\/ddeco.es\/web\/wp-json\/wp\/v2\/users\/2"}],"replies":[{"embeddable":true,"href":"https:\/\/ddeco.es\/web\/wp-json\/wp\/v2\/comments?post=11"}],"version-history":[{"count":12,"href":"https:\/\/ddeco.es\/web\/wp-json\/wp\/v2\/pages\/11\/revisions"}],"predecessor-version":[{"id":1053,"href":"https:\/\/ddeco.es\/web\/wp-json\/wp\/v2\/pages\/11\/revisions\/1053"}],"wp:featuredmedia":[{"embeddable":true,"href":"https:\/\/ddeco.es\/web\/wp-json\/wp\/v2\/media\/588"}],"wp:attachment":[{"href":"https:\/\/ddeco.es\/web\/wp-json\/wp\/v2\/media?parent=11"}],"curies":[{"name":"wp","href":"https:\/\/api.w.org\/{rel}","templated":true}]}}